{"id":151,"date":"2022-07-04T10:15:47","date_gmt":"2022-07-04T10:15:47","guid":{"rendered":"http:\/\/uncovabuse.mruni.eu\/?page_id=151"},"modified":"2023-06-01T11:52:51","modified_gmt":"2023-06-01T11:52:51","slug":"publications","status":"publish","type":"page","link":"https:\/\/uncovabuse.mruni.eu\/?page_id=151","title":{"rendered":"Publications"},"content":{"rendered":"\n<p><strong>Published research<\/strong><\/p>\n\n\n\n<p><a href=\"https:\/\/bpspsychub.onlinelibrary.wiley.com\/doi\/pdf\/10.1111\/lcrp.12213\">Zhang, Y., Segal, A., Pompedda, F., Haginoya, S., &amp; Santtila, P. (2022). Confirmation bias in simulated CSA interviews: How abuse assumption influences interviewing and decision\u2010making processes?. <em>Legal and Criminological Psychology<\/em>. https:\/\/doi.org\/10.1111\/lcrp.12213<\/a><\/p>\n\n\n\n<p><a href=\"https:\/\/link.springer.com\/article\/10.1007\/s11896-022-09509-7\">Pompedda, F., Zhang, Y., Haginoya, S., &amp; Santtila, P. (2022). A Mega-Analysis of the Effects of Feedback on the Quality of Simulated Child Sexual Abuse Interviews with Avatars. <em>Journal of Police and Criminal Psychology<\/em>, 1-14. https:\/\/doi.org\/10.1007\/s11896-022-09509-7<\/a><\/p>\n\n\n\n<p><a href=\"https:\/\/www.tandfonline.com\/doi\/full\/10.1080\/1068316X.2022.2082422\">Segal, A., Pompedda, F., Haginoya, S., Kaniu\u0161onyt\u0117, G., &amp; Santtila, P. (2022). Avatars with child sexual abuse (vs. no abuse) scenarios elicit different emotional reactions. <em>Psychology, Crime &amp; Law<\/em>, 1-21. https:\/\/doi.org\/10.1080\/1068316X.2022.2082422<\/a><\/p>\n\n\n\n<p>Girdenis, T., Zajan\u010dkauskien\u0117, J., Segal, A. (2022). Jaunesnio nei 16 met\u0173 tvirkinimo ir seksualinio prievartavimo atribojimo problemos Lietuvos teism\u0173 praktikoje. <em>Jurisprudencija, 29<\/em>(1), 106-121. https:\/\/doi.org\/10.13165\/JUR-22-29-1-05<\/p>\n\n\n\n<p><a href=\"https:\/\/www.sciencedirect.com\/science\/article\/abs\/pii\/S014521342300042X\">\u017dukauskien\u0117, R., Bakaityt\u0117, A., Kaniu\u0161onyt\u0117, G., Segal, A., Ustinavi\u010di\u016bt\u0117-Klenausk\u0117, L., Santtila, P. (2023). The lifetime prevalence of child sexual abuse assessed in young adults in Lithuania. <em>Child Abuse &amp; Neglect<\/em>. 138, 106061. https:\/\/doi.org\/10.1016\/j.chiabu.2023.106061<\/a><\/p>\n\n\n\n<p><a href=\"https:\/\/link.springer.com\/article\/10.1007\/s11896-022-09571-1\">Segal, A., Kaniu\u0161onyt\u0117, G., Bakaityt\u0117, A., \u017dukauskien\u0117, R., &amp; Santtila, P. (2023). The Effects of Emotions on the Assessment of Child Sexual Abuse Interviews. Journal of Police and Criminal Psychology, 1-12. Ahead-of-Print. https:\/\/doi.org\/10.1007\/s11896-022-09571-1<\/a><\/p>\n\n\n\n<p><a href=\"https:\/\/www.frontiersin.org\/articles\/10.3389\/fpsyg.2023.1085567\/full\">Segal, A., Bakaityt\u0117, A., Kaniu\u0161onyt\u0117, G., Ustinavi\u010di\u016bt\u0117-Klenausk\u0117, L., Haginoya, S., Zhang, Y., Pompedda , F., \u017dukauskien\u0117, R., &amp; Santtila, P. (2023). Associations between emotions and psychophysiological states and confirmation bias in question formulation in ongoing simulated investigative interviews of child sexual abuse. Frontiers in Psychology, 14, 1220. doi.org\/10.3389\/fpsyg.2023.1085567<\/a><\/p>\n","protected":false},"excerpt":{"rendered":"<p>Published research Zhang, Y., Segal, A., Pompedda, F., Haginoya, S., &amp; Santtila, P. (2022). Confirmation bias in simulated CSA interviews: How abuse assumption influences interviewing and decision\u2010making processes?. Legal and Criminological Psychology. https:\/\/doi.org\/10.1111\/lcrp.12213 Pompedda, F., Zhang, Y., Haginoya, S., &amp; Santtila, P. (2022). A Mega-Analysis of the Effects of Feedback on the Quality of Simulated &hellip; <\/p>\n<p class=\"link-more\"><a href=\"https:\/\/uncovabuse.mruni.eu\/?page_id=151\" class=\"more-link\">Continue reading<span class=\"screen-reader-text\"> &#8220;Publications&#8221;<\/span><\/a><\/p>\n","protected":false},"author":2,"featured_media":0,"parent":0,"menu_order":0,"comment_status":"closed","ping_status":"closed","template":"","meta":{"footnotes":""},"class_list":["post-151","page","type-page","status-publish","hentry"],"_links":{"self":[{"href":"https:\/\/uncovabuse.mruni.eu\/index.php?rest_route=\/wp\/v2\/pages\/151","targetHints":{"allow":["GET"]}}],"collection":[{"href":"https:\/\/uncovabuse.mruni.eu\/index.php?rest_route=\/wp\/v2\/pages"}],"about":[{"href":"https:\/\/uncovabuse.mruni.eu\/index.php?rest_route=\/wp\/v2\/types\/page"}],"author":[{"embeddable":true,"href":"https:\/\/uncovabuse.mruni.eu\/index.php?rest_route=\/wp\/v2\/users\/2"}],"replies":[{"embeddable":true,"href":"https:\/\/uncovabuse.mruni.eu\/index.php?rest_route=%2Fwp%2Fv2%2Fcomments&post=151"}],"version-history":[{"count":4,"href":"https:\/\/uncovabuse.mruni.eu\/index.php?rest_route=\/wp\/v2\/pages\/151\/revisions"}],"predecessor-version":[{"id":178,"href":"https:\/\/uncovabuse.mruni.eu\/index.php?rest_route=\/wp\/v2\/pages\/151\/revisions\/178"}],"wp:attachment":[{"href":"https:\/\/uncovabuse.mruni.eu\/index.php?rest_route=%2Fwp%2Fv2%2Fmedia&parent=151"}],"curies":[{"name":"wp","href":"https:\/\/api.w.org\/{rel}","templated":true}]}}